n w is divided by ((-34)/2)/1*-2.
33
Suppose 4*n + 5*h - 63 = 3*n, -2*n - h = -162. Calculate the remainder when n is divided by 3 + (-3 - -2) + 10.
11
Let s be 6687/117 + (-4)/26. Suppose 2*p - 34 = -5*z + 20, s = p - 5*z. Let w = 65 - p. What is the remainder when w is divided by 15?
13
Suppose 12*c = 2781 + 2343. Calculate the remainder when c is divided by 52.
11
Suppose 11*t + 140 = 15*t. Suppose 4*f + 4*o - o = 139, f + o = t. Let x = f + -6. Calculate the remainder when x is divided by 19.
9
Let j(a) = a**3 - 6*a**2 - 5*a - 10. Let x be j(7). Suppose -4*u = -u - x*p - 165, 5*p + 280 = 5*u. Calculate the remainder when u is divided by 20.
19
Let a(f) = -1024*f + 11708. What is the remainder when 888 is divided by a(11)?
0
Let u be (44 + 10)*(13 - 14). Let b(h) = 2*h**3 - h**2. Let x be b(4). Let r = x + u. What is the remainder when r is divided by 20?
18
Let o(h) = 33*h**2 - 9105*h - 27304. Let l = 125 + -73. What is the remainder when o(-3) is divided by l?
48
Let v(z) = 142*z + 9. Let g be (3 + 28/(-8))*(0 + -2). Calculate the remainder when v(g) is divided by 19.
18
Let y = 94 - 90. Suppose -111 - 154 = -5*p + 2*q, 0 = -y*p + 5*q + 212. Let d = p + -19. Calculate the remainder when 63 is divided by d.
29
Let z = -272 + 404. Let j = z - 121. What is the remainder when 52 is divided by j?
8
Suppose -4*g + u + 33 = 2*u, -12 = 4*u. Suppose -22 = -a - 5*t - 2, -4*a + 4*t + 8 = 0. What is the remainder when g is divided by a?
4
Suppose 3*p - 274 = -j, j + 5*p - 434 = -154. Suppose -5*x = -5*s + j - 1315, -5*s + 598 = 3*x. What is the remainder when x is divided by 21?
17
Let w(f) = 13*f - 24. Let h(x) = x + 13. Let c be h(4). Suppose 15*v + 10 = c*v. Calculate the remainder when w(v) is divided by 4.
1
Let l = -19342 + 20942. What is the remainder when l is divided by 115?
105
Let k(w) = -4*w**3 - 22*w**2 + 9*w - 13. Let n be k(-6). Suppose 3*a - n*a = -10, 3*m = -5*a + 187. What is the remainder when 214 is divided by m?
52
Suppose -73*s = -52*s - 84. Let r(h) = -h**3 + 8*h**2 - 8*h + 40. What is the remainder when r(s) is divided by (-1)/(1/5)*-1?
2
Suppose 2*b + 1286 = -758*c + 763*c, -c + 265 = -3*b. What is the remainder when c is divided by 60?
16
Let j(w) = 3*w**2 - w + 1. Let b be j(-5). Let q(x) = 7*x**2 - 7*x - 2. Let l be q(-2). Let g = b - l. What is the remainder when g is divided by 9?
5
Let k = 4 + 26. What is the remainder when 8/(-12) + 146/3 - (-2 + 3) is divided by k?
17
Let o = 152 - 86. What is the remainder when o is divided by (-313)/(-15) + (13 - 1544/120)?
3
Suppose 0 = -346*p + 514*p - 24696. Calculate the remainder when 235 is divided by p.
88
Suppose -32 = 2*t + 4*h + 106, 5*t + 2*h + 385 = 0. Let r = 91 + t. What is the remainder when 126 is divided by r?
6
Let l(r) = -118*r - 701. What is the remainder when l(-35) is divided by 104?
101
Suppose 3*y + 0 - 24 = 0. Suppose 0 = -3*d + 2*d - 5*t + 51, -3*d + 53 = -5*t. What is the remainder when d is divided by y?
2
Let t(d) = -65*d. Let x(c) = 65*c + 1. Let w(f) = -3*t(f) - 4*x(f). Let b be w(2). Let z = -76 - b. What is the remainder when z is divided by 30?
28
Suppose -104 = -b - 4*l, b = 3*b - 5*l - 156. Suppose 2*a - 5*a - 135 = 0. Let z = a + b. What is the remainder when z is divided by 11?
10
Suppose -11 - 37 = -3*h. What is the remainder when h is divided by ((-4)/18 - (-124)/(-90))*(-390)/156?
0
Let s(k) = k**3 + 3*k**2 - 8*k. Let y be s(-5). Let v(o) = -o**3 - 11*o**2 - 13*o + 14. Calculate the remainder when 132 is divided by v(y).
0
Suppose -44 = -2*s - 8. Let w = s - 15. Suppose 2*g = -2*j + j + 353, 2*g - w*j - 349 = 0. Calculate the remainder when g is divided by 36.
32
Let i be (-42)/(-2) - 0/22. Let v = i + -17. Suppose -7*u = 12 - 159. What is the remainder when u is divided by v?
1
Suppose i + 5*a - 23 = 0, i = -5*a + a + 28. Let f be 6/8*(72 - 4). Suppose 2*q = -q + f. What is the remainder when i is divided by q?
14
Let s = 133 + -131. What is the remainder when 4 - ((4 + 4)/s + -759) is divided by 19?
18
Let w be (-172)/2*(1 + 0). Let i = w - -147. Let a(p) = p**3 + 65*p**2 - 66*p + 31. What is the remainder when i is divided by a(-66)?
30
Let m be 10 + (4/8 - (-10)/(-4)). Suppose 0*f = -m*f + 2016. Suppose l + 2*w = -3*w + 80, 4*l - f = -3*w. What is the remainder when l is divided by 7?
4
Let o(b) = b**3 + 2*b**2 - 2*b + 13. Let q(i) = -i - 57. Let j be q(-10). Let z = 72 + j. What is the remainder when z is divided by o(0)?
12
Let o(f) = f**3 + 60*f**2 + 110*f + 102. Calculate the remainder when o(-58) is divided by 19.
13
Let f = 27 - 22. Suppose 3*s - 22 = f*t, 5*s + t = -3 + 21. Suppose 0 = -242*n + 245*n - 15. What is the remainder when n is divided by s?
1
Suppose 104 = -5*i - 766. Let s = i - -298. Calculate the remainder when s is divided by 66.
58
Suppose 0 = -3*v + 4*m - 208, 235 = -5*v + m - 123. Let d = v - -103. Let w = d - 12. What is the remainder when 26 is divided by w?
7
Suppose 33*c = 87*c - 4050. What is the remainder when 1046 is divided by c?
71
Let u be 126/(-6)*5/((-140)/48). Let f(o) = -o**2 + 43*o - 211. Calculate the remainder when 43 is divided by f(u).
2
Let a be (-119)/(-21) + 16/(-24). Suppose -3*i = a*v - 35, -i - 2*v = 2*i - 32. What is the remainder when 59 is divided by i?
9
What is the remainder when 68 is divided by (-99 - -159)/(2/(-4)*-3)?
28
Let d = -24 - -32. Let z(o) = -o**3 + d*o + 0*o**3 - 103 + 109 - 5*o**2. What is the remainder when z(-8) is divided by 15?
14
Let y be 2/(-4)*-14 - (-21 - -15). Suppose -y*c = -251 - 35. What is the remainder when 149 is divided by c?
17
Let l(p) = -2*p**2 - 41*p + 1073. What is the remainder when 3222 is divided by l(15)?
6
Let l(a) = -a + 3*a - 8 + 4*a + 0*a + 23. Suppose 0 = 2*b - 4*z - 28, b - 3*z - 25 = -b. Calculate the remainder when l(b) is divided by 13.
11
Suppose 4*u - 3*c + 53 = -0*c, -46 = 5*u + 3*c. Calculate the remainder when -2 + 74 + (u - -13) is divided by 19.
17
Suppose -9*r + 5*r + 80 = 0. Suppose u = -3*h - 14, r - 4 = -4*u - 4*h. What is the remainder when 66/30*5*u is divided by 8?
3
Let p(z) = 47*z - 2391. Let d(m) = -m**3 + 3*m + 3. Calculate the remainder when p(52) is divided by d(-3).
11
Let o(j) = 94*j - 150. Let f be (10 - 1)*(16/12 - 1). Calculate the remainder when o(f) is divided by 23.
17
Suppose 13*h = 18*h - 105. Let g(i) = -7*i + 312. What is the remainder when g(40) is divided by h?
11
Suppose 12*w + 80 = 5*a + 8*w, 0 = 4*w. Calculate the remainder when 75 is divided by a.
11
Suppose 94*v - 386*v = -1051366 - 279278. What is the remainder when v is divided by 80?
77
Suppose 54*p - 55*p - 5*s + 3 = 0, 2*p + s - 15 = 0. What is the remainder when 337 is divided by p?
1
What is the remainder when -22 + 19 - (17625/(-30) - (-1)/2) is divided by 166?
86
Suppose -8*s - 76814 = -77590. Suppose -2*j = 3*j - 50. Calculate the remainder when s is divided by j.
7
Let w(x) = 3*x**2 + 3*x + 2. Let y be w(0). Suppose 5*n = 2*g - 3*g + 846, 0 = -n - y*g + 171. Calculate the remainder when n is divided by 17.
16
Let p(r) = 28*r**2 - 25*r - 1. Let h(y) = -14*y**2 + 13*y. Let o(s) = -5*h(s) - 2*p(s). Let l = 25 - 21. What is the remainder when o(l) is divided by 42?
40
Let g(o) be the first derivative of -o**4/4 + o**3/3 + 3*o**2/2 + 7*o + 1. Let s be 0/11*230/(-92)*(-2)/10. Calculate the remainder when 27 is divided by g(s).
6
Let r(c) = c**3 + 82*c**2 - 259*c - 332. Calculate the remainder when 12381 is divided by r(-85).
5
Suppose 3*r - 882 = -2*q, -2*q - 581 = -2*r + 17. Let c = 215 + -146. What is the remainder when c is divided by r/12 - 4/6?
21
Let u = 450 + -349. Let l = -145 + 173. What is the remainder when u is divided by l?
17
Let y be 1 - 1/2 - 3033/18. Let n = -55 - y. What is the remainder when n is divided by (-4)/(-14) - 159/(-7)?
21
Let q = 165890 + -117292. Calculate the remainder when q is divided by 27.
25
Suppose -38520 = -83*k - 131*k. Calculate the remainder when 286 is divided by k.
106
Suppose -5*q - 14 = -24, 2*g + 3*q = 52. What is the remainder when 49 is divided by g?
3
Suppose -z = -5*l, -4*z = 4*l - 8*z. Suppose -2*a + 4 + 2 = 2*y, l = a + 4*y. Calculate the remainder when 59 is divided by a.
3
Let h = 5000 + -4904. What is the remainder when h is divided by 71?
25
Calculate the remainder when 862 is divid